{"id":627,"date":"2023-09-26T17:54:48","date_gmt":"2023-09-26T15:54:48","guid":{"rendered":"http:\/\/www.rlstevenson-europe.org\/nos-territoires\/ville-de-menton\/"},"modified":"2025-11-25T13:22:58","modified_gmt":"2025-11-25T12:22:58","slug":"menton-stadt","status":"publish","type":"territoires","link":"https:\/\/www.rlstevenson-europe.org\/de\/unsere-gebiete\/menton-stadt\/","title":{"rendered":"Stadt Menton"},"content":{"rendered":"\n<p>Menton ist eine unber\u00fchrte Stadt an der Grenze zwischen Italien, dem F\u00fcrstentum Monaco und der Grafschaft Nizza. Sie profitiert von einem wohltuenden subtropischen Mikroklima, das es ihr erm\u00f6glicht, den Winter fast zu ignorieren. Menton liegt am Ausgang des Roya-Tals, verbindet Meer und Berge, hat eine besondere Geschichte und eine barocke Architektur und ist ber\u00fchmt f\u00fcr sein &#8222;Zitronenfest&#8220; und die besondere Zitrusfrucht &#8222;Zitrone von Menton&#8220;. Die kleine Stadt verf\u00fcgt \u00fcber ein Kasino, &#8222;Grands Hotels&#8220;, eine sch\u00f6ne Strandpromenade und ein Jean Cocteau gewidmetes Museum.<\/p>\n\n\n\n<div style=\"height:60px\" aria-hidden=\"true\" class=\"wp-block-spacer\"><\/div>\n\n\n\n<figure class=\"wp-block-image size-large\"><img loading=\"lazy\" decoding=\"async\" width=\"1024\" height=\"576\" src=\"https:\/\/www.rlstevenson-europe.org\/wp-content\/uploads\/2023\/10\/ville-de-menton-hotel-1024x576.jpg\" alt=\"\" class=\"wp-image-265\" srcset=\"https:\/\/www.rlstevenson-europe.org\/wp-content\/uploads\/2023\/10\/ville-de-menton-hotel-1024x576.jpg 1024w, https:\/\/www.rlstevenson-europe.org\/wp-content\/uploads\/2023\/10\/ville-de-menton-hotel-300x169.jpg 300w, https:\/\/www.rlstevenson-europe.org\/wp-content\/uploads\/2023\/10\/ville-de-menton-hotel-768x432.jpg 768w, https:\/\/www.rlstevenson-europe.org\/wp-content\/uploads\/2023\/10\/ville-de-menton-hotel-450x253.jpg 450w, https:\/\/www.rlstevenson-europe.org\/wp-content\/uploads\/2023\/10\/ville-de-menton-hotel-1066x600.jpg 1066w, https:\/\/www.rlstevenson-europe.org\/wp-content\/uploads\/2023\/10\/ville-de-menton-hotel.jpg 1260w\" sizes=\"auto, (max-width: 1024px) 100vw, 1024px\" \/><\/figure>\n\n\n\n<h2 class=\"wp-block-heading\">Verbindungen zu Robert Louis Stevenson<\/h2>\n\n\n\n<p>Stevenson hielt sich mehrmals in der Stadt auf, die schon fr\u00fch den Ruf eines g\u00fcnstigen Mikroklimas f\u00fcr die Heilung von Lungenkrankheiten hatte, und von dem\u00a0 britischen Arzt Dr. Bennet empfohlen wurde. Dieser Arzt, der sich dank der \u201eguten Luft\u201c in Menton selbst heilen konnte, zog viele Briten und andere Europ\u00e4er an und behandelte sie, was zum Aufschwung des Tourismus an der C\u00f4te d\u2019Azur beitrug. Stevenson begleitete als Kind seine Eltern dorthin und kehrte als Erwachsener zur\u00fcck. Er schrieb dort zahlreiche Briefe und Gedichte, lernte dort die franz\u00f6sische Sprache weiter und best\u00e4tigte seine Berufung als Schriftsteller.<\/p>\n\n\n\n<div style=\"height:60px\" aria-hidden=\"true\" class=\"wp-block-spacer\"><\/div>\n\n\n\n<figure class=\"wp-block-gallery has-nested-images columns-default is-cropped wp-block-gallery-1 is-layout-flex wp-block-gallery-is-layout-flex\">\n<figure class=\"wp-block-image size-large\"><img loading=\"lazy\" decoding=\"async\" width=\"1024\" height=\"576\" data-id=\"268\" src=\"https:\/\/www.rlstevenson-europe.org\/wp-content\/uploads\/2023\/09\/mentom-vue-sur-montagne-1024x576.jpg\" alt=\"\" class=\"wp-image-268\" srcset=\"https:\/\/www.rlstevenson-europe.org\/wp-content\/uploads\/2023\/09\/mentom-vue-sur-montagne-1024x576.jpg 1024w, https:\/\/www.rlstevenson-europe.org\/wp-content\/uploads\/2023\/09\/mentom-vue-sur-montagne-300x169.jpg 300w, https:\/\/www.rlstevenson-europe.org\/wp-content\/uploads\/2023\/09\/mentom-vue-sur-montagne-768x432.jpg 768w, https:\/\/www.rlstevenson-europe.org\/wp-content\/uploads\/2023\/09\/mentom-vue-sur-montagne-450x253.jpg 450w, https:\/\/www.rlstevenson-europe.org\/wp-content\/uploads\/2023\/09\/mentom-vue-sur-montagne-1066x600.jpg 1066w, https:\/\/www.rlstevenson-europe.org\/wp-content\/uploads\/2023\/09\/mentom-vue-sur-montagne.jpg 1260w\" sizes=\"auto, (max-width: 1024px) 100vw, 1024px\" \/><\/figure>\n\n\n\n<figure class=\"wp-block-image size-large\"><img loading=\"lazy\" decoding=\"async\" width=\"1024\" height=\"576\" data-id=\"269\" src=\"https:\/\/www.rlstevenson-europe.org\/wp-content\/uploads\/2023\/09\/menton-le-carnaval-1024x576.jpg\" alt=\"\" class=\"wp-image-269\" srcset=\"https:\/\/www.rlstevenson-europe.org\/wp-content\/uploads\/2023\/09\/menton-le-carnaval-1024x576.jpg 1024w, https:\/\/www.rlstevenson-europe.org\/wp-content\/uploads\/2023\/09\/menton-le-carnaval-300x169.jpg 300w, https:\/\/www.rlstevenson-europe.org\/wp-content\/uploads\/2023\/09\/menton-le-carnaval-768x432.jpg 768w, https:\/\/www.rlstevenson-europe.org\/wp-content\/uploads\/2023\/09\/menton-le-carnaval-450x253.jpg 450w, https:\/\/www.rlstevenson-europe.org\/wp-content\/uploads\/2023\/09\/menton-le-carnaval-1066x600.jpg 1066w, https:\/\/www.rlstevenson-europe.org\/wp-content\/uploads\/2023\/09\/menton-le-carnaval.jpg 1260w\" sizes=\"auto, (max-width: 1024px) 100vw, 1024px\" \/><\/figure>\n\n\n\n<figure class=\"wp-block-image size-large\"><img loading=\"lazy\" decoding=\"async\" width=\"1024\" height=\"576\" data-id=\"265\" src=\"https:\/\/www.rlstevenson-europe.org\/wp-content\/uploads\/2023\/10\/ville-de-menton-hotel-1024x576.jpg\" alt=\"\" class=\"wp-image-265\" srcset=\"https:\/\/www.rlstevenson-europe.org\/wp-content\/uploads\/2023\/10\/ville-de-menton-hotel-1024x576.jpg 1024w, https:\/\/www.rlstevenson-europe.org\/wp-content\/uploads\/2023\/10\/ville-de-menton-hotel-300x169.jpg 300w, https:\/\/www.rlstevenson-europe.org\/wp-content\/uploads\/2023\/10\/ville-de-menton-hotel-768x432.jpg 768w, https:\/\/www.rlstevenson-europe.org\/wp-content\/uploads\/2023\/10\/ville-de-menton-hotel-450x253.jpg 450w, https:\/\/www.rlstevenson-europe.org\/wp-content\/uploads\/2023\/10\/ville-de-menton-hotel-1066x600.jpg 1066w, https:\/\/www.rlstevenson-europe.org\/wp-content\/uploads\/2023\/10\/ville-de-menton-hotel.jpg 1260w\" sizes=\"auto, (max-width: 1024px) 100vw, 1024px\" \/><\/figure>\n\n\n\n<figure class=\"wp-block-image size-large\"><img loading=\"lazy\" decoding=\"async\" width=\"1024\" height=\"576\" data-id=\"270\" src=\"https:\/\/www.rlstevenson-europe.org\/wp-content\/uploads\/2023\/09\/plage-de-menton-1024x576.jpg\" alt=\"\" class=\"wp-image-270\" srcset=\"https:\/\/www.rlstevenson-europe.org\/wp-content\/uploads\/2023\/09\/plage-de-menton-1024x576.jpg 1024w, https:\/\/www.rlstevenson-europe.org\/wp-content\/uploads\/2023\/09\/plage-de-menton-300x169.jpg 300w, https:\/\/www.rlstevenson-europe.org\/wp-content\/uploads\/2023\/09\/plage-de-menton-768x432.jpg 768w, https:\/\/www.rlstevenson-europe.org\/wp-content\/uploads\/2023\/09\/plage-de-menton-450x253.jpg 450w, https:\/\/www.rlstevenson-europe.org\/wp-content\/uploads\/2023\/09\/plage-de-menton-1066x600.jpg 1066w, https:\/\/www.rlstevenson-europe.org\/wp-content\/uploads\/2023\/09\/plage-de-menton.jpg 1260w\" sizes=\"auto, (max-width: 1024px) 100vw, 1024px\" \/><\/figure>\n<\/figure>\n\n\n\n<hr class=\"wp-block-separator has-alpha-channel-opacity\"\/>\n\n\n\n<h3 class=\"wp-block-heading\">Ziele<\/h3>\n\n\n\n<ul class=\"wp-block-list\">\n<li>Stevenson bekannt machen, insbesondere seine Verbindung zu Menton<\/li>\n\n\n\n<li>Veranstaltungen (Ausstellungen, Lesungen, Vortr\u00e4ge \u2026) in Verbindung mit dem Reiseschriftsteller organisieren<\/li>\n\n\n\n<li>Die lokale Bev\u00f6lkerung einladen, dieses literarische und historische Erbe zu entdecken<\/li>\n\n\n\n<li>Herstellung von Verbindungen zu anderen St\u00e4dten und Gebieten, die vom Leben und Werk RL Stevensons gepr\u00e4gt sind, im Rahmen des europ\u00e4ischen Netzwerks: &#8222;Auf den Spuren von R.L. Stevenson&#8220;.<\/li>\n<\/ul>\n\n\n\n<div style=\"height:100px\" aria-hidden=\"true\" class=\"wp-block-spacer\"><\/div>\n","protected":false},"featured_media":402,"template":"","categories":[],"tags":[],"class_list":["post-627","territoires","type-territoires","status-publish","has-post-thumbnail","hentry"],"_links":{"self":[{"href":"https:\/\/www.rlstevenson-europe.org\/de\/wp-json\/wp\/v2\/territoires\/627","targetHints":{"allow":["GET"]}}],"collection":[{"href":"https:\/\/www.rlstevenson-europe.org\/de\/wp-json\/wp\/v2\/territoires"}],"about":[{"href":"https:\/\/www.rlstevenson-europe.org\/de\/wp-json\/wp\/v2\/types\/territoires"}],"wp:featuredmedia":[{"embeddable":true,"href":"https:\/\/www.rlstevenson-europe.org\/de\/wp-json\/wp\/v2\/media\/402"}],"wp:attachment":[{"href":"https:\/\/www.rlstevenson-europe.org\/de\/wp-json\/wp\/v2\/media?parent=627"}],"wp:term":[{"taxonomy":"category","embeddable":true,"href":"https:\/\/www.rlstevenson-europe.org\/de\/wp-json\/wp\/v2\/categories?post=627"},{"taxonomy":"post_tag","embeddable":true,"href":"https:\/\/www.rlstevenson-europe.org\/de\/wp-json\/wp\/v2\/tags?post=627"}],"curies":[{"name":"wp","href":"https:\/\/api.w.org\/{rel}","templated":true}]}}

<p>Menton ist eine unberührte Stadt an der Grenze zwischen Italien, dem Fürstentum Monaco und der Grafschaft Nizza. Sie profitiert von einem wohltuenden subtropischen Mikroklima, das es ihr ermöglicht, den Winter fast zu ignorieren. Menton liegt am Ausgang des Roya-Tals, verbindet Meer und Berge, hat eine besondere Geschichte und eine barocke Architektur und ist berühmt für sein &#8222;Zitronenfest&#8220; und die besondere Zitrusfrucht &#8222;Zitrone von Menton&#8220;. Die kleine Stadt verfügt über ein Kasino, &#8222;Grands Hotels&#8220;, eine schöne Strandpromenade und ein Jean Cocteau gewidmetes Museum.</p>



<div style="height:60px" aria-hidden="true" class="wp-block-spacer"></div>



<figure class="wp-block-image size-large"><img loading="lazy" decoding="async" width="1024" height="576" src="https://www.rlstevenson-europe.org/wp-content/uploads/2023/10/ville-de-menton-hotel-1024x576.jpg" alt="" class="wp-image-265" srcset="https://www.rlstevenson-europe.org/wp-content/uploads/2023/10/ville-de-menton-hotel-1024x576.jpg 1024w, https://www.rlstevenson-europe.org/wp-content/uploads/2023/10/ville-de-menton-hotel-300x169.jpg 300w, https://www.rlstevenson-europe.org/wp-content/uploads/2023/10/ville-de-menton-hotel-768x432.jpg 768w, https://www.rlstevenson-europe.org/wp-content/uploads/2023/10/ville-de-menton-hotel-450x253.jpg 450w, https://www.rlstevenson-europe.org/wp-content/uploads/2023/10/ville-de-menton-hotel-1066x600.jpg 1066w, https://www.rlstevenson-europe.org/wp-content/uploads/2023/10/ville-de-menton-hotel.jpg 1260w" sizes="auto, (max-width: 1024px) 100vw, 1024px" /></figure>



<h2 class="wp-block-heading">Verbindungen zu Robert Louis Stevenson</h2>



<p>Stevenson hielt sich mehrmals in der Stadt auf, die schon früh den Ruf eines günstigen Mikroklimas für die Heilung von Lungenkrankheiten hatte, und von dem  britischen Arzt Dr. Bennet empfohlen wurde. Dieser Arzt, der sich dank der „guten Luft“ in Menton selbst heilen konnte, zog viele Briten und andere Europäer an und behandelte sie, was zum Aufschwung des Tourismus an der Côte d’Azur beitrug. Stevenson begleitete als Kind seine Eltern dorthin und kehrte als Erwachsener zurück. Er schrieb dort zahlreiche Briefe und Gedichte, lernte dort die französische Sprache weiter und bestätigte seine Berufung als Schriftsteller.</p>



<div style="height:60px" aria-hidden="true" class="wp-block-spacer"></div>



<figure class="wp-block-gallery has-nested-images columns-default is-cropped wp-block-gallery-1 is-layout-flex wp-block-gallery-is-layout-flex">
<figure class="wp-block-image size-large"><img loading="lazy" decoding="async" width="1024" height="576" data-id="268" src="https://www.rlstevenson-europe.org/wp-content/uploads/2023/09/mentom-vue-sur-montagne-1024x576.jpg" alt="" class="wp-image-268" srcset="https://www.rlstevenson-europe.org/wp-content/uploads/2023/09/mentom-vue-sur-montagne-1024x576.jpg 1024w, https://www.rlstevenson-europe.org/wp-content/uploads/2023/09/mentom-vue-sur-montagne-300x169.jpg 300w, https://www.rlstevenson-europe.org/wp-content/uploads/2023/09/mentom-vue-sur-montagne-768x432.jpg 768w, https://www.rlstevenson-europe.org/wp-content/uploads/2023/09/mentom-vue-sur-montagne-450x253.jpg 450w, https://www.rlstevenson-europe.org/wp-content/uploads/2023/09/mentom-vue-sur-montagne-1066x600.jpg 1066w, https://www.rlstevenson-europe.org/wp-content/uploads/2023/09/mentom-vue-sur-montagne.jpg 1260w" sizes="auto, (max-width: 1024px) 100vw, 1024px" /></figure>



<figure class="wp-block-image size-large"><img loading="lazy" decoding="async" width="1024" height="576" data-id="269" src="https://www.rlstevenson-europe.org/wp-content/uploads/2023/09/menton-le-carnaval-1024x576.jpg" alt="" class="wp-image-269" srcset="https://www.rlstevenson-europe.org/wp-content/uploads/2023/09/menton-le-carnaval-1024x576.jpg 1024w, https://www.rlstevenson-europe.org/wp-content/uploads/2023/09/menton-le-carnaval-300x169.jpg 300w, https://www.rlstevenson-europe.org/wp-content/uploads/2023/09/menton-le-carnaval-768x432.jpg 768w, https://www.rlstevenson-europe.org/wp-content/uploads/2023/09/menton-le-carnaval-450x253.jpg 450w, https://www.rlstevenson-europe.org/wp-content/uploads/2023/09/menton-le-carnaval-1066x600.jpg 1066w, https://www.rlstevenson-europe.org/wp-content/uploads/2023/09/menton-le-carnaval.jpg 1260w" sizes="auto, (max-width: 1024px) 100vw, 1024px" /></figure>



<figure class="wp-block-image size-large"><img loading="lazy" decoding="async" width="1024" height="576" data-id="265" src="https://www.rlstevenson-europe.org/wp-content/uploads/2023/10/ville-de-menton-hotel-1024x576.jpg" alt="" class="wp-image-265" srcset="https://www.rlstevenson-europe.org/wp-content/uploads/2023/10/ville-de-menton-hotel-1024x576.jpg 1024w, https://www.rlstevenson-europe.org/wp-content/uploads/2023/10/ville-de-menton-hotel-300x169.jpg 300w, https://www.rlstevenson-europe.org/wp-content/uploads/2023/10/ville-de-menton-hotel-768x432.jpg 768w, https://www.rlstevenson-europe.org/wp-content/uploads/2023/10/ville-de-menton-hotel-450x253.jpg 450w, https://www.rlstevenson-europe.org/wp-content/uploads/2023/10/ville-de-menton-hotel-1066x600.jpg 1066w, https://www.rlstevenson-europe.org/wp-content/uploads/2023/10/ville-de-menton-hotel.jpg 1260w" sizes="auto, (max-width: 1024px) 100vw, 1024px" /></figure>



<figure class="wp-block-image size-large"><img loading="lazy" decoding="async" width="1024" height="576" data-id="270" src="https://www.rlstevenson-europe.org/wp-content/uploads/2023/09/plage-de-menton-1024x576.jpg" alt="" class="wp-image-270" srcset="https://www.rlstevenson-europe.org/wp-content/uploads/2023/09/plage-de-menton-1024x576.jpg 1024w, https://www.rlstevenson-europe.org/wp-content/uploads/2023/09/plage-de-menton-300x169.jpg 300w, https://www.rlstevenson-europe.org/wp-content/uploads/2023/09/plage-de-menton-768x432.jpg 768w, https://www.rlstevenson-europe.org/wp-content/uploads/2023/09/plage-de-menton-450x253.jpg 450w, https://www.rlstevenson-europe.org/wp-content/uploads/2023/09/plage-de-menton-1066x600.jpg 1066w, https://www.rlstevenson-europe.org/wp-content/uploads/2023/09/plage-de-menton.jpg 1260w" sizes="auto, (max-width: 1024px) 100vw, 1024px" /></figure>
</figure>



<hr class="wp-block-separator has-alpha-channel-opacity"/>



<h3 class="wp-block-heading">Ziele</h3>



<ul class="wp-block-list">
<li>Stevenson bekannt machen, insbesondere seine Verbindung zu Menton</li>



<li>Veranstaltungen (Ausstellungen, Lesungen, Vorträge …) in Verbindung mit dem Reiseschriftsteller organisieren</li>



<li>Die lokale Bevölkerung einladen, dieses literarische und historische Erbe zu entdecken</li>



<li>Herstellung von Verbindungen zu anderen Städten und Gebieten, die vom Leben und Werk RL Stevensons geprägt sind, im Rahmen des europäischen Netzwerks: &#8222;Auf den Spuren von R.L. Stevenson&#8220;.</li>
</ul>



<div style="height:100px" aria-hidden="true" class="wp-block-spacer"></div>
